mon factor of a and b.
4
Suppose -3*i + 84 - 12 = 0. What is the greatest common factor of 156 and i?
12
Let y(f) = -f - 5. Let v be y(-7). Suppose v*t = -t + 30. What is the highest common factor of 50 and t?
10
Let q(p) = 6*p**2 - 17*p + 10. Let t be q(5). Let g = 12 + -7. Suppose g*x + 4*l - 158 = 0, 0*l + 4*l = x - 22. What is the highest common factor of x and t?
15
Let v be (-8)/(-3) + 2/6. Suppose v*g = 124 + 11. What is the greatest common factor of g and 5?
5
Suppose 32 = 5*o - 43. Suppose 23*t - 24*t = -o. What is the greatest common divisor of 15 and t?
15
Let k = -6 - -6. Suppose k = -q + 3*q - 34. Calculate the highest common divisor of 153 and q.
17
Suppose 2*o = 4*f + 88, 3*o - 5*f = -0*o + 128. Calculate the greatest common factor of o and 4.
4
Suppose -110 = -5*c - 5*i, -3*c + 4*i + 33 = -33. What is the highest common factor of c and 33?
11
Let z(b) = 2*b**2 + 4*b + 3. Let k be z(-2). Let x be 1 + (-4 - (-1 - 1)). Let g be (4 + -2 - 35)/x. What is the greatest common divisor of k and g?
3
Let w(j) = -j**3 + 14*j**2 - 20*j - 8. Let d be w(12). Calculate the greatest common factor of d and 280.
40
Let m(p) = 15*p**2 + 4*p - 3. Let r be m(3). Suppose i + 3*i - r = 0. Let s be ((-24)/(-9))/(2/i). Calculate the highest common factor of 8 and s.
8
Let d = -4 + 24. What is the highest common factor of d and 60?
20
Suppose 2*x + 3*x = 5*f + 75, 5*f - 2*x + 66 = 0. Let w = f - -21. Let s be 16/(-64) - (-794)/8. Calculate the greatest common factor of w and s.
9
Let p = 42 - 23. Calculate the highest common divisor of p and 38.
19
Let r be -12*(-4)/(16/14). What is the greatest common factor of 14 and r?
14
Let s be (22 + 2)*2/6. Let z = -125 + 197. What is the highest common factor of z and s?
8
Let o be 46/6 - 2/(-6). Suppose -17*z + 40 = -12*z. What is the greatest common factor of o and z?
8
Let z(f) = f**2 + 3*f + 3. Let i be z(-4). What is the highest common divisor of 63 and i?
7
Suppose 20*g = 12*g + 864. What is the highest common factor of g and 12?
12
Let b(k) = 2*k**2 - 9*k + 26. Let n be b(5). Calculate the highest common divisor of n and 217.
31
Suppose -3*s = -132 - 138. What is the greatest common factor of s and 10?
10
Let x be 1 - 2 - 1*-2. Let k be (1 + x)/((-2)/13). Let j be -2 - (k + 0 - 0). What is the greatest common factor of j and 22?
11
Let o be -1 + 3 + -1 + 18. Let u(h) = 47*h**3 + 3*h**2 + 2*h - 2. Let g be u(-2). Let r = g - -522. Calculate the highest common divisor of o and r.
19
Let s(g) = g**2 + 19*g + 26. Let u be s(-19). What is the highest common divisor of 52 and u?
26
Let o = -17 - -30. What is the highest common factor of 13 and o?
13
Let r = -6 - -2. Let a = 16 - r. Suppose -4*d = -a, 2*d - 27 = -2*u - d. Calculate the highest common divisor of u and 42.
6
Suppose 4*r - 3*p = -0*r + 55, -5*r + 86 = 2*p. Let a(i) = -2*i**3 - 8*i**2. Let b be a(-8). Suppose m + b = 5*m. What is the greatest common factor of m and r?
16
Let b = 11 - 10. Let u be (0 - b)/((-7)/91). What is the highest common factor of 117 and u?
13
Suppose 38 = -4*b + 6*b. What is the greatest common divisor of 95 and b?
19
Let d(n) = n**2 + 11*n + 19. Let f be d(-17). Calculate the highest common divisor of 11 and f.
11
Suppose 4*h - 3 = 5. Suppose h*c - g = 32, -g - 3*g = c - 16. Calculate the greatest common factor of 176 and c.
16
Suppose 0 = 3*h - 151 + 34. Calculate the greatest common divisor of 13 and h.
13
Suppose -k - 26 = -4*a + k, 2*k + 14 = a. Let y be -10*5/(-2) - a. What is the greatest common factor of 147 and y?
21
Let l(a) = -4*a**2 + 6*a + 8. Let q(i) = i**2 - i - 1. Let t(d) = l(d) + 5*q(d). Let k be t(-5). Calculate the highest common divisor of 23 and k.
23
Suppose -61 = -3*y + 989. Suppose 0*a + y = 5*a. Calculate the greatest common divisor of a and 14.
14
Suppose -d + 61 = 4*k, -2*d + 4 = -2*k + 22. Calculate the greatest common divisor of k and 21.
7
Let c(m) = -m**3 - 8*m**2 - m + 10. Let o be c(-8). What is the greatest common divisor of 72 and o?
18
Let n be (112/(-3))/(1/(-3)). Let s be (-48)/10*(-40)/12. What is the highest common factor of s and n?
16
Suppose -13*c + 17*c - 116 = 0. What is the highest common factor of c and 261?
29
Let a(m) = -2*m - 4. Let r be a(-8). Let j be 41*1 + 0/(-4). Suppose 3*u - 25 - j = 3*x, -4*u - 2*x + 64 = 0. Calculate the greatest common divisor of u and r.
6
Let h = -154 - -228. Let o = -44 + h. Calculate the highest common divisor of 6 and o.
6
Let a be (-6)/(-1 - -4) + 2. Suppose -2*o - 3*o + 25 = a. Suppose 3*p + 4*t - 5*t = 32, -2*p + o*t + 30 = 0. Calculate the highest common divisor of p and 10.
10
Let l(j) = 11*j**3 + 1. Let d be l(1). What is the highest common factor of d and 36?
12
Let r(j) = j - 4. Let m be 2 - (-3 + 1)*1. Let k be r(m). Suppose k = 4*f - 29 + 5. What is the highest common factor of f and 48?
6
Let t(q) = -q**3 - 12*q**2 - 11*q + 3. Let l be t(-11). Suppose d - 3*c - 12 = -0*c, -l*d = -4*c - 56. Calculate the greatest common factor of d and 168.
24
Let m(v) = -v**3 - 6*v**2 - 6*v + 3. Suppose -4*w + 2*y = 12, 3*w - y = -4*y - 27. Let o be m(w). What is the highest common divisor of 72 and o?
8
Let a = -3 + -1. Let s be (4 + -1)*a/(-6). Suppose -2*w = -5*v + 4, v = w + s*w - 7. What is the highest common factor of 18 and v?
2
Suppose a - 1 = 4*z, 5*z - 2 = 3*z - 2*a. Suppose c - 37 + 10 = z. What is the highest common divisor of c and 18?
9
Suppose 0 = -m + 2*b + 2*b + 34, -136 = -4*m + b. Let z = m + -15. Calculate the greatest common divisor of z and 171.
19
Let a = -9 + 17. Suppose -4*m + 10 = -2*m. Suppose -3 - m = -2*t, 2*v - 2*t - 8 = 0. What is the greatest common divisor of v and a?
8
Suppose q - 2*f = -39, 3*q = -2*f + 4*f - 137. Let y = q + 106. Let l = y - 9. Calculate the greatest common factor of l and 32.
16
Let a = 110 - 87. What is the highest common divisor of 115 and a?
23
Let x be (0 - (0 + -20))/1. Let q be 3228/18 + 8/12. Calculate the greatest common divisor of x and q.
20
Suppose 0 = 2*m - 2*a - 272, 2*m - 2*a = -3*a + 269. What is the greatest common factor of 54 and m?
27
Suppose -3*u + 4*u = 40. What is the greatest common factor of u and 8?
8
Let c(b) = b + 7. Let d be c(-5). What is the greatest common divisor of d and 6?
2
Suppose 3*s - 16 = q, q - 20 = -s + 5*q. Suppose 2*c - 6*c = -12. Suppose -c*x = -x - 32. Calculate the greatest common factor of x and s.
4
Let t(x) = -x**3 + 15*x**2 + 5*x + 13. Let m be t(15). What is the greatest common divisor of 11 and m?
11
Let i(h) = h**3 + 10*h**2 + 8*h. Let o be i(-9). Suppose d = -2*d + o. Calculate the highest common divisor of d and 24.
3
Let y(b) be the first derivative of b**4/4 - b**3/3 - b**2/2 - 3*b - 1. Let k be y(3). What is the highest common factor of k and 84?
12
Let c be (15/(-6) - -2)*6. Let a be 2/(-6) + (-106)/c. Suppose -4*u = -2*u - 2*t - 6, 0 = -5*u + 2*t + 21. Calculate the highest common factor of a and u.
5
Let u = -2 - -10. What is the highest common factor of u and 2?
2
Let k(a) = a - 5*a - 2*a + 4*a - 2. Let q be k(-8). Calculate the greatest common divisor of 7 and q.
7
Let y = 50 + -7. Suppose 4*f = h + y, 0 = f - 5*h + 3*h - 2. What is the highest common divisor of f and 84?
12
Let o(w) = w**3 - 6*w**2 + 2*w + 4. Let z be o(4). Let s = -13 - z. Calculate the highest common factor of 49 and s.
7
Let i(f) = -f**3 - 2*f**2 - 2*f - 3. Let p be i(-2). Let z be (-2)/1*(0 - p). Let m be 11 + (z + 1)/(-3). Calculate the greatest common divisor of m and 70.
10
Let x = 2 - -2. Let p = 11 + x. What is the highest common factor of p and 120?
15
Let w = 7 - -6. Calculate the greatest common divisor of 91 and w.
13
Suppose -76 = -5*j + 3*q, 5*j - 91 = -q - q. What is the greatest common factor of 85 and j?
17
Suppose 16*u - 14*u = -1200. Let l be (-4)/(-14) - u/56. What is the greatest common factor of 121 and l?
11
Let y(c) = 4*c**2 + 2*c + 4 - 3 + 0. Let x be y(-1). Let a be (3/(-2))/(x/(-42)). Calculate the greatest common factor of 3 and a.
3
Suppose q + 49 = p - 105, 3*q - 462 = -3*p. What is the greatest common factor of p and 14?
14
Suppose -2*l = 3*a - 265, 0 = -2*l + 4*l - 10. Calculate the greatest common divisor of 17 and a.
17
Let d(t) = -t**2 - 6*t - 3. Let i be d(-4). Let n be 2/(-8) - (-82)/8. What is the highest common divisor of i 